{"id":8629,"date":"2025-10-21T15:56:35","date_gmt":"2025-10-21T15:56:35","guid":{"rendered":"https:\/\/mandret-auto.com\/?page_id=8629"},"modified":"2025-11-02T12:53:53","modified_gmt":"2025-11-02T12:53:53","slug":"conditions-generales-de-vente","status":"publish","type":"page","link":"https:\/\/mandret-auto.com\/index.php\/conditions-generales-de-vente\/","title":{"rendered":"Conditions G\u00e9n\u00e9rales de Vente"},"content":{"rendered":"\t\t<div data-elementor-type=\"wp-page\" data-elementor-id=\"8629\" class=\"elementor elementor-8629\">\n\t\t\t\t<div class=\"elementor-element elementor-element-ce1b4c1 e-flex e-con-boxed e-con e-parent\" data-id=\"ce1b4c1\" data-element_type=\"container\">\n\t\t\t\t\t<div class=\"e-con-inner\">\n\t\t\t\t<div class=\"elementor-element elementor-element-ca18459 elementor-widget elementor-widget-wd_text_block\" data-id=\"ca18459\" data-element_type=\"widget\" data-widget_type=\"wd_text_block.default\">\n\t\t\t\t<div class=\"elementor-widget-container\">\n\t\t\t\t\t\t\t<div class=\"wd-text-block reset-last-child text-left\">\n\t\t\t\n\t\t\t<div class=\"wd-text-block reset-last-child text-left\"><p>Conditions G\u00e9n\u00e9rales de Vente de<strong> MANDRET AUTO<\/strong><br \/>1. Objet du Contrat<br \/>Le contrat de vente est \u00e9tabli entre Mall Automobiles, repr\u00e9sent\u00e9 par Franck SPINAZZE, et l'Acheteur\/Vendeur, d\u00e9fini comme la personne physique ou morale qui proc\u00e8de \u00e0 l'achat ou \u00e0 la vente d'un v\u00e9hicule par l'interm\u00e9diaire de <strong>MANDRET AUTO<\/strong><\/p><p>2. R\u00e9servation et Acompte<br \/>Toute r\u00e9servation d'un v\u00e9hicule est soumise \u00e0 un versement d'acompte de 30 % du prix de vente total du v\u00e9hicule ou au r\u00e8glement complet du montant de la facture. Cet acompte est exig\u00e9 au moment de la signature du bon de commande. En cas de paiement int\u00e9gral, les modalit\u00e9s de livraison et de transfert de propri\u00e9t\u00e9 seront appliqu\u00e9es conform\u00e9ment aux pr\u00e9sentes CGV.<\/p><p>3. Droit de R\u00e9tractation et Remboursement de l'Acompte<br \/>Conform\u00e9ment \u00e0 l'article L221-18 du Code de la consommation, l'Acheteur dispose d'un d\u00e9lai de 14 jours \u00e0 compter de la signature du contrat pour exercer son droit de r\u00e9tractation sans avoir \u00e0 justifier de motif ni \u00e0 payer de p\u00e9nalit\u00e9s.<\/p><p>En cas de r\u00e9tractation dans ce d\u00e9lai, l'acompte vers\u00e9 sera int\u00e9gralement rembours\u00e9 \u00e0 l'Acheteur dans un d\u00e9lai maximum de 14 jours suivant la r\u00e9ception de la notification de r\u00e9tractation. Pass\u00e9 ce d\u00e9lai, l'acompte sera conserv\u00e9 par <strong>MANDRET AUTO<\/strong> \u00e0 titre de d\u00e9dommagement.<\/p><p>4. Livraison<br \/>La livraison du v\u00e9hicule est effectu\u00e9e sous 7 jours maximum apr\u00e8s le paiement complet du prix de vente, \u00e0 l'adresse indiqu\u00e9e par l'Acheteur. La livraison est partout sur l'ensemble du territoire fran\u00e7ais en cas de r\u00e8glement complet. En cas de retard ind\u00e9pendant de notre volont\u00e9 (force majeure, etc.), <strong>MANDRET AUTO<\/strong> ne pourra \u00eatre tenu responsable. L'Acheteur sera inform\u00e9 de tout retard \u00e9ventuel.<\/p><p>5. Garantie<br \/>Tous les v\u00e9hicules vendus par <strong>MANDRET AUTO<\/strong> b\u00e9n\u00e9ficient d'une garantie garage de 1 an couvrant les pi\u00e8ces et la main-d'\u0153uvre pour les d\u00e9fauts non apparents au moment de la vente. Cette garantie est valable dans tous les garages partenaires de <strong>MANDRET AUTO<\/strong> sur l'ensemble du territoire fran\u00e7ais. Vous pourrez ainsi faire r\u00e9parer votre v\u00e9hicule dans le garage partenaire le plus proche de chez vous, sans souci et sans frais suppl\u00e9mentaires pour les r\u00e9parations couvertes par la garantie.<\/p><p>De plus, le kilom\u00e9trage de chaque v\u00e9hicule est garanti. Nous certifions que les informations relatives au kilom\u00e9trage indiqu\u00e9es lors de la vente sont exactes et correspondent au relev\u00e9 r\u00e9el du v\u00e9hicule. Cette garantie vous prot\u00e8ge contre toute \u00e9ventuelle modification frauduleuse du compteur.<\/p><p>6. Paiement<br \/>Le paiement du prix de vente, d\u00e9duction faite de l'acompte, doit \u00eatre effectu\u00e9 avant la livraison du v\u00e9hicule. <strong>MANDRET AUTO<\/strong> accepte les paiements par virement bancaire et en esp\u00e8ces dans les limites pr\u00e9vues par la loi.<\/p><p>\u00c0 la r\u00e9siliation, votre droit d'utiliser les Services cessera imm\u00e9diatement. Si vous souhaitez r\u00e9silier votre compte, vous pouvez simplement cesser d'utiliser les Services.<\/p><p>7. Transfert de Propri\u00e9t\u00e9<br \/>Le transfert de propri\u00e9t\u00e9 du v\u00e9hicule \u00e0 l'Acheteur s'effectue apr\u00e8s le paiement int\u00e9gral du prix de vente. Jusqu'\u00e0 ce paiement complet, le v\u00e9hicule reste la propri\u00e9t\u00e9 de <strong>MANDRET AUTO<\/strong><\/p><p>8. Obligation de l'Acheteur<br \/>L'Acheteur s'engage \u00e0 fournir des informations exactes et compl\u00e8tes lors de la conclusion du contrat de vente. Tout manquement \u00e0 cette obligation pourrait entra\u00eener la nullit\u00e9 du contrat et la retenue de l'acompte.<\/p><p>9. Obligation de <strong>MANDRET AUTO<\/strong><br \/><strong>MANDRET AUTO<\/strong> s'engage \u00e0 livrer un v\u00e9hicule conforme aux sp\u00e9cifications convenues, exempt de d\u00e9fauts majeurs non signal\u00e9s lors de la vente et \u00e0 respecter les d\u00e9lais de livraison annonc\u00e9s dans la mesure du possible.<\/p><p>10. R\u00e9solution des Litiges<br \/>En cas de litige relatif \u00e0 l'application des pr\u00e9sentes CGV, les parties s'efforceront de trouver une solution amiable. \u00c0 d\u00e9faut, le litige sera port\u00e9 devant les tribunaux comp\u00e9tents conform\u00e9ment aux articles L.612-1 et suivants du Code de la consommation.<\/p><p>11. Protection des Donn\u00e9es Personnelles<br \/>Conform\u00e9ment \u00e0 la loi Informatique et Libert\u00e9s du 6 janvier 1978 modifi\u00e9e, l'Acheteur dispose d'un droit d'acc\u00e8s, de rectification et de suppression des donn\u00e9es personnelles le concernant, collect\u00e9es par Mall Automobiles dans le cadre de l'ex\u00e9cution du contrat.<\/p><p>12. Acceptation des Conditions G\u00e9n\u00e9rales de Vente<br \/>En signant le bon de commande, l'Acheteur reconna\u00eet avoir pris connaissance et accept\u00e9 les pr\u00e9sentes Conditions G\u00e9n\u00e9rales de Vente.<\/p><p>13. Dispositions Finales<br \/>Les pr\u00e9sentes CGV peuvent \u00eatre modifi\u00e9es \u00e0 tout moment par <strong>MANDRET AUTO<\/strong> , sous r\u00e9serve d'en informer l'Acheteur dans un d\u00e9lai raisonnable avant leur entr\u00e9e en vigueur. Les CGV applicables sont celles en vigueur \u00e0 la date de la signature du contrat de vente.<\/p><p>Pour toute question ou r\u00e9clamation relative aux pr\u00e9sentes Conditions G\u00e9n\u00e9rales de Vente, veuillez contacter <strong>MANDRET AUTO<\/strong> \u00e0 l'adresse suivante :<strong> contact@mandret-auto.com<\/strong>.<\/p><p>Ces Conditions G\u00e9n\u00e9rales de Vente sont destin\u00e9es \u00e0 prot\u00e9ger \u00e0 la fois l'Acheteur et <strong>MANDRET AUTO<\/strong>, en assurant une transaction claire, \u00e9quitable et s\u00e9curis\u00e9e pour toutes les parties impliqu\u00e9es.<\/p><\/div>\n\t\t\t\t\t<\/div>\n\t\t\t\t\t\t<\/div>\n\t\t\t\t<\/div>\n\t\t\t\t\t<\/div>\n\t\t\t\t<\/div>\n\t\t\t\t<\/div>\n\t\t","protected":false},"excerpt":{"rendered":"<p>Conditions G\u00e9n\u00e9rales de Vente de MANDRET AUTO1. Objet du ContratLe contrat de vente est \u00e9tabli entre Mall Automobiles, repr\u00e9sent\u00e9 par<\/p>\n","protected":false},"author":2,"featured_media":0,"parent":0,"menu_order":0,"comment_status":"closed","ping_status":"closed","template":"","meta":{"footnotes":""},"class_list":["post-8629","page","type-page","status-publish","hentry"],"_links":{"self":[{"href":"https:\/\/mandret-auto.com\/index.php\/wp-json\/wp\/v2\/pages\/8629","targetHints":{"allow":["GET"]}}],"collection":[{"href":"https:\/\/mandret-auto.com\/index.php\/wp-json\/wp\/v2\/pages"}],"about":[{"href":"https:\/\/mandret-auto.com\/index.php\/wp-json\/wp\/v2\/types\/page"}],"author":[{"embeddable":true,"href":"https:\/\/mandret-auto.com\/index.php\/wp-json\/wp\/v2\/users\/2"}],"replies":[{"embeddable":true,"href":"https:\/\/mandret-auto.com\/index.php\/wp-json\/wp\/v2\/comments?post=8629"}],"version-history":[{"count":16,"href":"https:\/\/mandret-auto.com\/index.php\/wp-json\/wp\/v2\/pages\/8629\/revisions"}],"predecessor-version":[{"id":9141,"href":"https:\/\/mandret-auto.com\/index.php\/wp-json\/wp\/v2\/pages\/8629\/revisions\/9141"}],"wp:attachment":[{"href":"https:\/\/mandret-auto.com\/index.php\/wp-json\/wp\/v2\/media?parent=8629"}],"curies":[{"name":"wp","href":"https:\/\/api.w.org\/{rel}","templated":true}]}}