{"id":8637,"date":"2025-10-21T15:58:18","date_gmt":"2025-10-21T15:58:18","guid":{"rendered":"https:\/\/mandret-auto.com\/?page_id=8637"},"modified":"2025-11-02T12:58:36","modified_gmt":"2025-11-02T12:58:36","slug":"politique-de-confidentialite","status":"publish","type":"page","link":"https:\/\/mandret-auto.com\/index.php\/politique-de-confidentialite\/","title":{"rendered":"Politique de Confidentialit\u00e9"},"content":{"rendered":"\t\t<div data-elementor-type=\"wp-page\" data-elementor-id=\"8637\" class=\"elementor elementor-8637\">\n\t\t\t\t<div class=\"elementor-element elementor-element-cde8ab6 e-flex e-con-boxed e-con e-parent\" data-id=\"cde8ab6\" data-element_type=\"container\">\n\t\t\t\t\t<div class=\"e-con-inner\">\n\t\t\t\t<div class=\"elementor-element elementor-element-90c138d elementor-widget elementor-widget-wd_text_block\" data-id=\"90c138d\" data-element_type=\"widget\" data-widget_type=\"wd_text_block.default\">\n\t\t\t\t<div class=\"elementor-widget-container\">\n\t\t\t\t\t\t\t<div class=\"wd-text-block reset-last-child text-left\">\n\t\t\t\n\t\t\t<p><strong>MANDRET AUTO<\/strong>, ci-apr\u00e8s \u00ab Nous \u00bb attache une grande importance \u00e0 la protection et au respect de votre vie priv\u00e9e.<\/p><p>A travers la pr\u00e9sente, nous entendons vous communiquer des informations claires et pr\u00e9cises concernant la collecte et le traitement des donn\u00e9es \u00e0 caract\u00e8re personnel que vous \u00eates amen\u00e9s \u00e0 nous fournir par le biais du site <strong>mandret-auto.com<\/strong> (ci-apr\u00e8s d\u00e9nomm\u00e9 le \u00ab<strong>MANDRET AUTO<\/strong>\u00bb).<\/p><h3>Art.1 R\u00e8gles de confidentialit\u00e9<\/h3><p>Le r\u00e8glement g\u00e9n\u00e9ral sur la protection des donn\u00e9es du 27 avril 2016 (ci-apr\u00e8s le RGPD) est d\u2019application \u00e0 partir du 25 mai 2018. Il impose des r\u00e8gles et conditions strictes aux entreprises et commer\u00e7ants dans le cadre du traitement des donn\u00e9es \u00e0 caract\u00e8re personnel de leurs clients et prospects, et ce afin de prot\u00e9ger la vie priv\u00e9e de ceux-ci.<\/p><h3>Art.2 Le responsable du traitement<\/h3><p>Le \u00ab responsable du traitement \u00bb de vos donn\u00e9es \u00e0 caract\u00e8re personnel est <strong>MANDRET AUTO<\/strong>, responsable du site <strong>mandret-auto.com<\/strong> que vous consultez et auquel vous communiquez des donn\u00e9es.<\/p><h3>Art.3 Bases l\u00e9gales du traitement des donn\u00e9es et utilisation<\/h3><p>Nous ne pouvons utiliser vos donn\u00e9es \u00e0 caract\u00e8re personnel qu\u2019\u00e0 des fins \u00e0 la fois l\u00e9gitimes et n\u00e9cessaires (art. 6 du RGPD). Cela signifie concr\u00e8tement que nous traitons vos donn\u00e9es \u00e0 caract\u00e8re personnel, que cela soit ou non sous forme \u00e9lectronique, pour des finalit\u00e9s l\u00e9gitimes dans le cadre de la relation contractuelle, du business et de la s\u00e9curit\u00e9\/s\u00fbret\u00e9. Ces finalit\u00e9s sont notamment, mais pas seulement, les suivantes :<\/p><p>Traiter et ex\u00e9cuter vos commandes et contrats ; G\u00e9rer votre compte et la relation commerciale ; Vous communiquer des informations commerciales, promotionnelles, publicitaires ou sur l\u2019utilisation de nos services ; Communications dans le cadre de l\u2019ex\u00e9cution d\u2019un contrat ; Am\u00e9liorer la conception, la mise en page, et la fonctionnalit\u00e9 globale du site ; Analyser les donn\u00e9es \u00e0 des fins statistiques.<\/p><h3>Art.4 Qu\u2019est-ce qu\u2019une donn\u00e9e \u00e0 caract\u00e8re personnel<\/h3><p>Les donn\u00e9es \u00e0 caract\u00e8re personnel incluent toutes les informations qui vous concernent et sur base desquelles vous pouvez \u00eatre identifi\u00e9 (ci-apr\u00e8s d\u00e9nomm\u00e9es \u00ab les donn\u00e9es \u00bb). Les donn\u00e9es anonymes, qui ne permettent pas de vous identifier, ne sont par cons\u00e9quent pas consid\u00e9r\u00e9es comme des donn\u00e9es \u00e0 caract\u00e8re personnel. Vos donn\u00e9es \u00e0 caract\u00e8re personnel peuvent donc comprendre :<\/p><p>Donn\u00e9es relatives \u00e0 votre identit\u00e9 (nom, pr\u00e9nom, adresse, num\u00e9ro \u00e0 la TVA, num\u00e9ro d\u2019entreprise, etc.) ; Donn\u00e9es de statut personnel (num\u00e9ro de t\u00e9l\u00e9phone, e-mail personnel, \u2026) ; Donn\u00e9es financi\u00e8res et sur les transactions (Donn\u00e9es relatives au moyen de paiement, num\u00e9ro de compte bancaire, d\u00e9tails de facturation, \u2026) ; Donn\u00e9es relatives \u00e0 l\u2019ex\u00e9cution du contrat conclu avec nous (objet du contrat, adresse de facturation, donn\u00e9es professionnelles, \u2026) ; Donn\u00e9es relatives \u00e0 l\u2019utilisation d\u2019\u00e9quipement \u00e9lectronique, tel que des ordinateurs (mot de passe, log data, donn\u00e9es d\u2019identification \u00e9lectronique, d\u00e9tails de facturation, \u2026) ; Donn\u00e9es sensibles : Le traitement de donn\u00e9es \u00e0 caract\u00e8re personnel r\u00e9v\u00e9lant l\u2019origine raciale ou ethnique, les opinions politiques, les convictions religieuses ou philosophiques, ainsi que le traitement des donn\u00e9es g\u00e9n\u00e9tiques, des donn\u00e9es biom\u00e9triques aux fins d\u2019identifier une personne physique de mani\u00e8re unique, des donn\u00e9es concernant la vie sexuelle ou l\u2019orientation sexuelle d\u2019une personne physique sont interdits. Nous nous engageons \u00e0 respecter strictement cette interdiction.<\/p><h3>Art.5 Sources et origines des donn\u00e9es \u00e0 caract\u00e8re personnel<\/h3><p>En principe, les donn\u00e9es que nous poss\u00e9dons proviennent de vous, lorsque vous remplissez un formulaire. Si vous n\u2019entendez pas fournir les informations obligatoires ou n\u00e9cessaires, vous pouvez perdre le b\u00e9n\u00e9fice de certains avantages et\/ou nous pouvons d\u00e9cider de mettre fin \u00e0 nos services \u00e0 votre profit ou nous serons dans l\u2019impossibilit\u00e9 d\u2019ex\u00e9cuter le contrat.<\/p><h3>Art.6 Acc\u00e8s aux donn\u00e9es \u00e0 caract\u00e8re personnel \u2013 Avec qui partageons nous vos informations ?<\/h3><p>Conform\u00e9ment \u00e0 la r\u00e9glementation en vigueur, les donn\u00e9es peuvent \u00eatre transmises aux autorit\u00e9s comp\u00e9tentes sur requ\u00eate et notamment aux organismes publics, exclusivement pour r\u00e9pondre aux obligations l\u00e9gales, les auxiliaires de justice, les officiers minist\u00e9riels et les organismes charg\u00e9s d\u2019effectuer le recouvrement de cr\u00e9ances, ainsi que dans le cas de la recherche des auteurs d\u2019infractions commises sur internet.<\/p><p>Vos donn\u00e9es sont essentiellement \u00e0 usage interne. Nous pouvons communiquer vos donn\u00e9es \u00e0 des entreprises tierces, qui seront en mesure de les traiter, dans le cadre de motifs l\u00e9gitimes et notamment de la bonne ex\u00e9cution du contrat, lorsque nous faisons appel \u00e0 des prestataires et des sous-traitants pour la r\u00e9alisation de la commande ou de services fournis par nous (prestations techniques, service de paiement, s\u00e9curisation du paiement, livraisons, envoi de prospection commerciale \u2026).<\/p><p>Nous leur transmettons uniquement les donn\u00e9es dont ils ont besoin pour effectuer leurs services.<\/p><p>Nous veillerons toutefois au respect de la r\u00e9glementation RGPD par nos sous-traitants.<\/p><p>Le traitement des donn\u00e9es par ces derniers est r\u00e9gi par un cadre l\u00e9gal strict.<\/p><h3>Art.7 Dur\u00e9e de conservation des donn\u00e9es<\/h3><p>Nous mettons les moyens n\u00e9cessaires en \u0153uvre afin d\u2019assurer que la conservation des donn\u00e9es \u00e0 caract\u00e8re personnel pour les finalit\u00e9s d\u00e9crites ci-dessus n\u2019outrepasse pas les dur\u00e9es l\u00e9gales.<\/p><h3>Art.8 Quels sont vos droits ?<\/h3><p>Nous nous engageons \u00e0 prendre les mesures techniques et organisationnelles appropri\u00e9es afin de garantir la s\u00e9curit\u00e9 du traitement des donn\u00e9es \u00e0 caract\u00e8re personnel de chacun (Art. 32 du RGPD).<\/p><p>Conform\u00e9ment aux lois et r\u00e8glements applicables en mati\u00e8re de protection des donn\u00e9es personnelles, vous b\u00e9n\u00e9ficiez d\u2019un certain nombre de droits relatifs \u00e0 vos donn\u00e9es personnelles \u00e0 savoir :<\/p><ul><li style=\"list-style-type: none;\"><ul><li>Droit d\u2019acc\u00e8s (Art. 15 du RGPD) et d\u2019information Vous avez le droit d\u2019\u00eatre inform\u00e9 de mani\u00e8re concise, transparente, intelligible et facilement accessible de la mani\u00e8re dont vos donn\u00e9es sont trait\u00e9es. Vous avez \u00e9galement le droit d\u2019obtenir la confirmation que des donn\u00e9es vous concernant son trait\u00e9es et, le cas \u00e9ch\u00e9ant, d\u2019acc\u00e9der \u00e0 vos propres donn\u00e9es \u00e0 caract\u00e8re personnel et le droit d\u2019en obtenir ou d\u2019en faire une copie dans la mesure du raisonnable.<\/li><\/ul><\/li><\/ul><ul><li style=\"list-style-type: none;\"><ul><li>Droit de rectification (Art. 16 RGPD) Vous avez le droit d\u2019obtenir la rectification des donn\u00e9es inexact. Vous avez \u00e9galement le droit de compl\u00e9ter les donn\u00e9es incompl\u00e8tes.<\/li><\/ul><\/li><\/ul><ul><li style=\"list-style-type: none;\"><ul><li>Droit \u00e0 l\u2019oubli (ou Droit d\u2019effacement \u2013 Art. 17 du RGPD) et Droit \u00e0 la limitation du traitement (Art. 18 du RGPD)<br \/>Nous nous engageons \u00e0 octroyer l\u2019effacement de vos donn\u00e9es \u00e0 caract\u00e8re personnel notamment dans les cas suivants :<br \/>Donn\u00e9es n\u2019\u00e9tant plus n\u00e9cessaires au regard des finalit\u00e9s pour lesquelles elles avaient \u00e9t\u00e9 collect\u00e9es ou trait\u00e9es ;<br \/>Vous vous opposez au traitement ;<br \/>Les donn\u00e9es \u00e0 caract\u00e8re personnel ont fait l\u2019objet d\u2019un traitement illicite.<\/li><\/ul><\/li><\/ul><ul><li style=\"list-style-type: none;\"><ul><li>Droit de portabilit\u00e9 (Art. 20 RGPD)<br \/>Vous avez le droit de recevoir vos donn\u00e9es dans un format structur\u00e9, couramment utilis\u00e9 et lisible par une machine, pour votre usage personnel ou pour les transmettre \u00e0 un tiers de votre choix.<\/li><\/ul><\/li><\/ul><ul><li style=\"list-style-type: none;\"><ul><li>Droit de retirer le consentement \u00e0 tout moment (Art.7 du RGPD)<br \/>Vous pouvez retirer votre consentement au traitement de vos donn\u00e9es lorsque le traitement est bas\u00e9 sur votre consentement. Le retrait du consentement ne compromet pas la lic\u00e9it\u00e9 du traitement fond\u00e9 sur le consentement effectu\u00e9 avant ce retrait.<\/li><\/ul><\/li><\/ul><ul><li style=\"list-style-type: none;\"><ul><li>Droit d\u2019introduire une r\u00e9clamation (Art. 77 du RGPD)<br \/>Le client a le droit d\u2019introduire \u00e0 tout moment une r\u00e9clamation aupr\u00e8s de la Commission vie priv\u00e9e s\u2019il estime que le traitement de ses donn\u00e9es \u00e0 caract\u00e8re personnel constitue une violation du RGPD.<br \/>Pour exercer vos droits, vous pouvez nous contacter par mail :\u00a0<strong>contact@mandret-auto.com<\/strong><\/li><\/ul><\/li><\/ul><ul><li style=\"list-style-type: none;\"><ul><li>Droit \u00e0 l\u2019oubli (ou Droit d\u2019effacement \u2013 Art. 17 du RGPD) et Droit \u00e0 la limitation du traitement (Art. 18 du RGPD)<br \/>Nous nous engageons \u00e0 octroyer l\u2019effacement de vos donn\u00e9es \u00e0 caract\u00e8re personnel notamment dans les cas suivants :<br \/>Donn\u00e9es n\u2019\u00e9tant plus n\u00e9cessaires au regard des finalit\u00e9s pour lesquelles elles avaient \u00e9t\u00e9 collect\u00e9es ou trait\u00e9es ;<br \/>Vous vous opposez au traitement ;<br \/>Les donn\u00e9es \u00e0 caract\u00e8re personnel ont fait l\u2019objet d\u2019un traitement illicite.<\/li><\/ul><\/li><\/ul><ul><li style=\"list-style-type: none;\"><ul><li>Droit de portabilit\u00e9 (Art. 20 RGPD)<br \/>Vous avez le droit de recevoir vos donn\u00e9es dans un format structur\u00e9, couramment utilis\u00e9 et lisible par une machine, pour votre usage personnel ou pour les transmettre \u00e0 un tiers de votre choix.<\/li><\/ul><\/li><\/ul><ul><li style=\"list-style-type: none;\"><ul><li>Droit de retirer le consentement \u00e0 tout moment (Art.7 du RGPD)<br \/>Vous pouvez retirer votre consentement au traitement de vos donn\u00e9es lorsque le traitement est bas\u00e9 sur votre consentement. Le retrait du consentement ne compromet pas la lic\u00e9it\u00e9 du traitement fond\u00e9 sur le consentement effectu\u00e9 avant ce retrait.<\/li><\/ul><\/li><\/ul><ul><li style=\"list-style-type: none;\"><ul><li>Droit d\u2019introduire une r\u00e9clamation (Art. 77 du RGPD)<br \/>Le client a le droit d\u2019introduire \u00e0 tout moment une r\u00e9clamation aupr\u00e8s de la Commission vie priv\u00e9e s\u2019il estime que le traitement de ses donn\u00e9es \u00e0 caract\u00e8re personnel constitue une violation du RGPD.<br \/>Pour exercer vos droits, vous pouvez nous contacter par mail :\u00a0<strong>contact@mandret-auto.com<\/strong><\/li><\/ul><\/li><\/ul><h3>Art.9 Notre engagement<\/h3><p>Nous avons pour objectif de mettre en \u0153uvre des techniques de s\u00e9curit\u00e9 afin de prot\u00e9ger les donn\u00e9es stock\u00e9es contre les acc\u00e8s non autoris\u00e9s, les usages inappropri\u00e9s, les alt\u00e9rations, la destruction ill\u00e9gale ou accidentelle et la perte accidentelle.<\/p><h3>Art.10 Proc\u00e9dure en cas de violations<\/h3><p>Il est toujours possible que des donn\u00e9es \u00e0 caract\u00e8re personnel trait\u00e9es dans le cadre de la relation contractuelle tombent dans de mauvaises mains \u00e0 la suite d\u2019une erreur humaine, d\u2019une erreur informatique, etc.<br \/>Lorsque la violation pr\u00e9sente un risque \u00e9lev\u00e9 pour les droits et libert\u00e9s de la personne, nous l\u2019informerons imm\u00e9diatement des faits et mesures. Nous nous assurerons que le n\u00e9cessaire soit fait quant \u00e0 la notification de la violation en question \u00e0 la Commission vie priv\u00e9e dans les 72 heures apr\u00e8s en avoir pris connaissance, \u00e0 moins que la violation ne pr\u00e9sente pas un risque \u00e9lev\u00e9 pour les droits et libert\u00e9s de la personne. (Art. 32-34 du RGPD).<\/p><h3>Art. 11 Consentement<\/h3><p>Vous donnez votre consentement expr\u00e8s, \u00e9clair\u00e9 et univoque en vue du traitement des donn\u00e9es \u00e0 caract\u00e8re personnel tels que d\u00e9crites dans la pr\u00e9sente Politique de confidentialit\u00e9. Vous avez le droit de retirer votre consentement \u00e0 tout moment, sur simple demande \u00e9crite. Nous nous r\u00e9servons le droit de modifier la pr\u00e9sente Politique de confidentialit\u00e9.<\/p><h3>Art.12 Modification de notre Politique de Confidentialit\u00e9<\/h3><p>Nous pouvons \u00eatre amen\u00e9s \u00e0 modifier occasionnellement la pr\u00e9sente politique de confidentialit\u00e9, notamment de nous conformer \u00e0 toutes \u00e9volutions r\u00e9glementaires, jurisprudentielles, \u00e9ditoriales ou techniques.<\/p><h3>Art.13 Contact<\/h3><p>Pour toute question relative \u00e0 la pr\u00e9sente Politique de Confidentialit\u00e9, ou pour toute demande relative \u00e0 vos donn\u00e9es, vous pouvez nous contacter :<\/p><p>\u00a0 \u00a0 \u00a0 \u00a0 \u00a0 Par courriel \u00e0 l\u2019adresse suivante :\u00a0<strong>contact@mandret-auto.com<\/strong><\/p><ul><li>Par courrier \u00e0 l\u2019adresse suivante : <strong>2 PASSAGE DES TILLEULS, 65100 LOURDES.<\/strong><\/li><\/ul>\n\t\t\t\t\t<\/div>\n\t\t\t\t\t\t<\/div>\n\t\t\t\t<\/div>\n\t\t\t\t\t<\/div>\n\t\t\t\t<\/div>\n\t\t\t\t<\/div>\n\t\t","protected":false},"excerpt":{"rendered":"<p>MANDRET AUTO, ci-apr\u00e8s \u00ab Nous \u00bb attache une grande importance \u00e0 la protection et au respect de votre vie priv\u00e9e.<\/p>\n","protected":false},"author":2,"featured_media":0,"parent":0,"menu_order":0,"comment_status":"closed","ping_status":"closed","template":"","meta":{"footnotes":""},"class_list":["post-8637","page","type-page","status-publish","hentry"],"_links":{"self":[{"href":"https:\/\/mandret-auto.com\/index.php\/wp-json\/wp\/v2\/pages\/8637","targetHints":{"allow":["GET"]}}],"collection":[{"href":"https:\/\/mandret-auto.com\/index.php\/wp-json\/wp\/v2\/pages"}],"about":[{"href":"https:\/\/mandret-auto.com\/index.php\/wp-json\/wp\/v2\/types\/page"}],"author":[{"embeddable":true,"href":"https:\/\/mandret-auto.com\/index.php\/wp-json\/wp\/v2\/users\/2"}],"replies":[{"embeddable":true,"href":"https:\/\/mandret-auto.com\/index.php\/wp-json\/wp\/v2\/comments?post=8637"}],"version-history":[{"count":19,"href":"https:\/\/mandret-auto.com\/index.php\/wp-json\/wp\/v2\/pages\/8637\/revisions"}],"predecessor-version":[{"id":9145,"href":"https:\/\/mandret-auto.com\/index.php\/wp-json\/wp\/v2\/pages\/8637\/revisions\/9145"}],"wp:attachment":[{"href":"https:\/\/mandret-auto.com\/index.php\/wp-json\/wp\/v2\/media?parent=8637"}],"curies":[{"name":"wp","href":"https:\/\/api.w.org\/{rel}","templated":true}]}}