{"id":9234,"date":"2025-11-08T19:46:52","date_gmt":"2025-11-08T19:46:52","guid":{"rendered":"https:\/\/mandret-auto.com\/?post_type=product&#038;p=9234"},"modified":"2025-11-08T19:48:13","modified_gmt":"2025-11-08T19:48:13","slug":"porsche-taycan-cross-turismo-4","status":"publish","type":"product","link":"https:\/\/mandret-auto.com\/index.php\/produit\/porsche-taycan-cross-turismo-4\/","title":{"rendered":"Porsche taycan CROSS TURISMO 4"},"content":{"rendered":"<p>Porsche taycan CROSS TURISMO 4, 476 ch break, couleur craie, 10 cv, 5 portes, couleur int\u00e9rieure : noir, premi\u00e8re mise en circulation le 22\/02\/2022, 34000Km, garantie porsche Approved 02\/2026.<br \/>\nV\u00e9hicule de collaborateur achet\u00e9 en concession Porsche et toujours sous garantie<br \/>\nTous les rappels constructeur ont \u00e9t\u00e9 fait.<br \/>\nR\u00e9vision compl\u00e8te faite en juillet 2025.<br \/>\nRien \u00e0 pr\u00e9voir pendant un moment.<\/p>\n<p>4 places, longueur : 4,974m, largeur 1,967m, hateur 1,409m, poids en charge : 2320 kg<\/p>\n<p>Options catalogue :<\/p>\n<p>1NV Jantes peintes en Noir (finition brillante)<br \/>\n2JF Inserts peints en noir (finition brillante) &#8211; Bas de caisse &#8211; Jupes lat\u00e9rales &#8211; Diffuseur arri\u00e8re<br \/>\n2PJ Volant multifonction en cuir avec chauffage du volant<br \/>\n2W9 Volets de recharge \u00e9lectriques<br \/>\n3FG Toit panoramique fixe<br \/>\n4A3 Si\u00e8ges chauffants \u00e0 l&rsquo;avant<br \/>\n4F2 Acc\u00e8s Confort<br \/>\n4GP Pare-brise teint\u00e9 d\u00e9grad\u00e9<br \/>\n4L6 R\u00e9troviseurs ext\u00e9rieurs et int\u00e9rieur avec fonction anti-\u00e9blouissement automatique<br \/>\n54C Jantes Taycan Cross Turismo 21 pouces<br \/>\n5KA Si\u00e8ges 4 + 1<br \/>\n6FQ Partie sup\u00e9rieure et inf\u00e9rieur des r\u00e9troviseurs teinte carrosserie<br \/>\n6XV R\u00e9troviseurs ext\u00e9rieurs rabattables \u00e9lectriquement avec \u00e9clairage d\u2019alentours<br \/>\n76H C\u00e2ble de recharge Type 2 (Mode 3)<br \/>\n79J Assistance de changement de voie<br \/>\n8LH Pack Sport Chrono<br \/>\n9M3 Pompe \u00e0 chaleur<br \/>\n9VL Bose Surround Sound-System<br \/>\nGM3 Porsche Electric Sport Sound<br \/>\nKA2 Assistance parking avec cam\u00e9ra de recul<br \/>\nKB4 Chargeur embarqu\u00e9 AC 22kW<br \/>\nNW2 Porsche Mobile Charger Connect<br \/>\nQ2J Si\u00e8ges Confort \u00e0 l&rsquo;avant (14 positions, \u00e9lectriques) avec Pack M\u00e9moire<br \/>\nQJ4 Contour des vitres lat\u00e9rales en Noir (finition brillante)<br \/>\nQQ1 Eclairage d\u2019ambiance<br \/>\nUD1 Projecteurs de porte \u00e0 LED avec signature \u00ab\u00a0PORSCHE\u00a0\u00bb<br \/>\nVW1 Vitrage arri\u00e8re fum\u00e9<br \/>\n3H Peinture Craie<br \/>\nP4S Porsche InnoDrive avec R\u00e9gulateur de vitesse adaptatif<br \/>\nAR Int\u00e9rieur cuir lisse Noir<br \/>\nPhares matriciels \u00e0 LED avec Porsche Dynamic Light System Plus (PDLS+)<br \/>\nSuspension pilot\u00e9 avec syst\u00e8me correcteur assiette PASM (option \u00e0 6000 euros)<br \/>\nR\u00e9gulateur adaptatif<br \/>\nCorrecteur trajetoire<br \/>\nSuveillance pneumatique via TPMS<\/p>\n<p>Autres \u00e9quipements divers et informations :<br \/>\n&#8211; 32A en bleu<br \/>\n&#8211; insert carbone tableau de bord, panneau de porte, console centrale<br \/>\n&#8211; Protection \u00e9cran tactile avec film anti trace<br \/>\n&#8211; Dash cam en seconde monte (\u00e0 laisser ou supprimer lors de la vente)<br \/>\n&#8211; Code usine enjoliveurs de roue peint en Noir (finition satin\u00e9e)<br \/>\n&#8211; Etrier couleur rouge<br \/>\n&#8211; Barre de toit int\u00e9gr\u00e9 noir satin\u00e9 pour coffre de toit (coffre non fourni)<br \/>\n&#8211; Chargeur Porsche domestique inteligent<br \/>\n&#8211; c\u00e2ble de recharge 5m avec valise de transport<br \/>\n&#8211; Classe Crit&rsquo;air : 0<br \/>\n&#8211; Largeur : 1 967,00 m\u00e8tre(s)<br \/>\n&#8211; Norme euro \u00e9mission : Euro 6<br \/>\n&#8211; Puissance kilowatt : 350 kw<br \/>\n&#8211; Type transmission : 4 roues motrices<br \/>\n&#8211; acc\u00e9l\u00e9ration 0-100 kmh : 5,10 s<br \/>\n&#8211; dimension des jantes : 21 pouces<br \/>\n&#8211; nombre de rapports : 2 vitesses (passage vitesse \u00e0 120km\/h)<br \/>\n&#8211; puissance r\u00e9elle : 476 ch<br \/>\n&#8211; volume du coffre avant: 84,00 litres<\/p>\n","protected":false},"excerpt":{"rendered":"<table class=\"woocommerce-product-attributes shop_attributes\">\n<tbody>\n<tr class=\"woocommerce-product-attributes-item woocommerce-product-attributes-item--attribute_mod%c3%a8le\">\n<th class=\"woocommerce-product-attributes-item__label\">Mod\u00e8le<\/th>\n<td class=\"woocommerce-product-attributes-item__value\">Taycan<\/td>\n<\/tr>\n<tr class=\"woocommerce-product-attributes-item woocommerce-product-attributes-item--attribute_ann%c3%a9e-mod%c3%a8le\">\n<th class=\"woocommerce-product-attributes-item__label\">Ann\u00e9e Mod\u00e8le<\/th>\n<td class=\"woocommerce-product-attributes-item__value\">2022<\/td>\n<\/tr>\n<tr class=\"woocommerce-product-attributes-item woocommerce-product-attributes-item--attribute_mise-en-circulation\">\n<th class=\"woocommerce-product-attributes-item__label\">Mise en circulation<\/th>\n<td class=\"woocommerce-product-attributes-item__value\">02\/2022<\/td>\n<\/tr>\n<tr class=\"woocommerce-product-attributes-item woocommerce-product-attributes-item--attribute_kilom%c3%a9trage\">\n<th class=\"woocommerce-product-attributes-item__label\">Kilom\u00e9trage<\/th>\n<td class=\"woocommerce-product-attributes-item__value\">34000<\/td>\n<\/tr>\n<tr class=\"woocommerce-product-attributes-item woocommerce-product-attributes-item--attribute_puissance\">\n<th class=\"woocommerce-product-attributes-item__label\">Puissance<\/th>\n<td class=\"woocommerce-product-attributes-item__value\">476Ch<\/td>\n<\/tr>\n<tr class=\"woocommerce-product-attributes-item woocommerce-product-attributes-item--attribute_carburant\">\n<th class=\"woocommerce-product-attributes-item__label\">Carburant<\/th>\n<td class=\"woocommerce-product-attributes-item__value\">Electrique<\/td>\n<\/tr>\n<tr class=\"woocommerce-product-attributes-item woocommerce-product-attributes-item--attribute_bo%c3%aete-de-vitesse\">\n<th class=\"woocommerce-product-attributes-item__label\">Bo\u00eete de vitesse<\/th>\n<td class=\"woocommerce-product-attributes-item__value\">Automatique<\/td>\n<\/tr>\n<tr class=\"woocommerce-product-attributes-item woocommerce-product-attributes-item--attribute_portes\">\n<th class=\"woocommerce-product-attributes-item__label\">Portes<\/th>\n<td class=\"woocommerce-product-attributes-item__value\">5<\/td>\n<\/tr>\n<tr class=\"woocommerce-product-attributes-item woocommerce-product-attributes-item--attribute_places\">\n<th class=\"woocommerce-product-attributes-item__label\">Places<\/th>\n<td class=\"woocommerce-product-attributes-item__value\">5<\/td>\n<\/tr>\n<tr class=\"woocommerce-product-attributes-item woocommerce-product-attributes-item--attribute_garantie\">\n<th class=\"woocommerce-product-attributes-item__label\">Garantie<\/th>\n<td class=\"woocommerce-product-attributes-item__value\">6 mois<\/td>\n<\/tr>\n<\/tbody>\n<\/table>\n","protected":false},"featured_media":9245,"template":"","meta":[],"product_brand":[],"product_cat":[97],"product_tag":[],"class_list":{"0":"post-9234","1":"product","2":"type-product","3":"status-publish","4":"has-post-thumbnail","6":"product_cat-disponible","8":"first","9":"instock","10":"shipping-taxable","11":"purchasable","12":"product-type-simple"},"_links":{"self":[{"href":"https:\/\/mandret-auto.com\/index.php\/wp-json\/wp\/v2\/product\/9234","targetHints":{"allow":["GET"]}}],"collection":[{"href":"https:\/\/mandret-auto.com\/index.php\/wp-json\/wp\/v2\/product"}],"about":[{"href":"https:\/\/mandret-auto.com\/index.php\/wp-json\/wp\/v2\/types\/product"}],"version-history":[{"count":1,"href":"https:\/\/mandret-auto.com\/index.php\/wp-json\/wp\/v2\/product\/9234\/revisions"}],"predecessor-version":[{"id":9246,"href":"https:\/\/mandret-auto.com\/index.php\/wp-json\/wp\/v2\/product\/9234\/revisions\/9246"}],"wp:featuredmedia":[{"embeddable":true,"href":"https:\/\/mandret-auto.com\/index.php\/wp-json\/wp\/v2\/media\/9245"}],"wp:attachment":[{"href":"https:\/\/mandret-auto.com\/index.php\/wp-json\/wp\/v2\/media?parent=9234"}],"wp:term":[{"taxonomy":"product_brand","embeddable":true,"href":"https:\/\/mandret-auto.com\/index.php\/wp-json\/wp\/v2\/product_brand?post=9234"},{"taxonomy":"product_cat","embeddable":true,"href":"https:\/\/mandret-auto.com\/index.php\/wp-json\/wp\/v2\/product_cat?post=9234"},{"taxonomy":"product_tag","embeddable":true,"href":"https:\/\/mandret-auto.com\/index.php\/wp-json\/wp\/v2\/product_tag?post=9234"}],"curies":[{"name":"wp","href":"https:\/\/api.w.org\/{rel}","templated":true}]}}