{"id":9330,"date":"2025-12-04T08:03:38","date_gmt":"2025-12-04T08:03:38","guid":{"rendered":"https:\/\/mandret-auto.com\/?post_type=product&#038;p=9330"},"modified":"2025-12-04T08:47:21","modified_gmt":"2025-12-04T08:47:21","slug":"toyota-corolla-hybride-122h-design","status":"publish","type":"product","link":"https:\/\/mandret-auto.com\/index.php\/produit\/toyota-corolla-hybride-122h-design\/","title":{"rendered":"Toyota Corolla HYBRIDE 122h Design"},"content":{"rendered":"<p>Toyota Corolla HYBRIDE 122h Design berline, gris, 4 cv, 5 portes, premi\u00e8re mise en circulation le 01\/10\/2020, premi\u00e8re main. 5 places<\/p>\n<p>&nbsp;<\/p>\n<p>OPTIONS ET \u00c9QUIPEMENTS : Conduite : &#8211; Syst\u00e8me d&rsquo;ouverture\/fermeture sans cl\u00e9 \u00ab\u00a0Smart Entry\u00a0\u00bb &#8211; allumage automatique des feux &#8211; d\u00e9tecteur de pluie Ext\u00e9rieur : &#8211; Phares Bi-LED &#8211; R\u00e9troviseurs ext\u00e9rieurs rabattables automatiquement &#8211; Contour de vitres chrom\u00e9 &#8211; cam\u00e9ra de recul &#8211; r\u00e9troviseurs d\u00e9givrants Int\u00e9rieur : &#8211; Eclairage d&rsquo;ambiance int\u00e9rieur \u00e0 LED &#8211; R\u00e9troviseur int\u00e9rieur \u00e9lectrochromatique &#8211; climatisation : automatique &#8211; climatisation multi zone &#8211; vitres surteint\u00e9es Pack : &#8211; Feux AR \u00e0 LED &#8211; Frein de statlionnement \u00e9lectrique &#8211; volant multifonctions S\u00e9curit\u00e9 : &#8211; kit de d\u00e9pannage pneumatique &#8211; syst\u00e8me d&rsquo;appel d&rsquo;urgence Autres \u00e9quipements et informations : &#8211; Toyota Safety Sense 2 &#8211; Puissance kilowatt : 72 kw &#8211; feux de circulation diurne &#8211; kilom\u00e9trage garanti &#8211; nombre de rapports : 1 vitesses &#8211; puissance r\u00e9elle : 98 ch &#8211; \u00e9mission CO2 : 76 g\/km<\/p>\n","protected":false},"excerpt":{"rendered":"<table class=\"woocommerce-product-attributes shop_attributes\">\n<tbody>\n<tr class=\"woocommerce-product-attributes-item woocommerce-product-attributes-item--attribute_mod%c3%a8le\">\n<th class=\"woocommerce-product-attributes-item__label\">Mod\u00e8le<\/th>\n<td class=\"woocommerce-product-attributes-item__value\">Corolla<\/td>\n<\/tr>\n<tr class=\"woocommerce-product-attributes-item woocommerce-product-attributes-item--attribute_ann%c3%a9e-mod%c3%a8le\">\n<th class=\"woocommerce-product-attributes-item__label\">Ann\u00e9e Mod\u00e8le<\/th>\n<td class=\"woocommerce-product-attributes-item__value\">2020<\/td>\n<\/tr>\n<tr class=\"woocommerce-product-attributes-item woocommerce-product-attributes-item--attribute_mise-en-circulation\">\n<th class=\"woocommerce-product-attributes-item__label\">Mise en circulation<\/th>\n<td class=\"woocommerce-product-attributes-item__value\">10\/2020<\/td>\n<\/tr>\n<tr class=\"woocommerce-product-attributes-item woocommerce-product-attributes-item--attribute_kilom%c3%a9trage\">\n<th class=\"woocommerce-product-attributes-item__label\">Kilom\u00e9trage<\/th>\n<td class=\"woocommerce-product-attributes-item__value\">61536<\/td>\n<\/tr>\n<tr class=\"woocommerce-product-attributes-item woocommerce-product-attributes-item--attribute_puissance\">\n<th class=\"woocommerce-product-attributes-item__label\">Puissance<\/th>\n<td class=\"woocommerce-product-attributes-item__value\">98 Ch<\/td>\n<\/tr>\n<tr class=\"woocommerce-product-attributes-item woocommerce-product-attributes-item--attribute_carburant\">\n<th class=\"woocommerce-product-attributes-item__label\">Carburant<\/th>\n<td class=\"woocommerce-product-attributes-item__value\">hYBRID<\/td>\n<\/tr>\n<tr class=\"woocommerce-product-attributes-item woocommerce-product-attributes-item--attribute_bo%c3%aete-de-vitesse\">\n<th class=\"woocommerce-product-attributes-item__label\">Bo\u00eete de vitesse<\/th>\n<td class=\"woocommerce-product-attributes-item__value\">Automatique<\/td>\n<\/tr>\n<tr class=\"woocommerce-product-attributes-item woocommerce-product-attributes-item--attribute_portes\">\n<th class=\"woocommerce-product-attributes-item__label\">Portes<\/th>\n<td class=\"woocommerce-product-attributes-item__value\">5<\/td>\n<\/tr>\n<tr class=\"woocommerce-product-attributes-item woocommerce-product-attributes-item--attribute_places\">\n<th class=\"woocommerce-product-attributes-item__label\">Places<\/th>\n<td class=\"woocommerce-product-attributes-item__value\">5<\/td>\n<\/tr>\n<tr class=\"woocommerce-product-attributes-item woocommerce-product-attributes-item--attribute_garantie\">\n<th class=\"woocommerce-product-attributes-item__label\">Garantie<\/th>\n<td class=\"woocommerce-product-attributes-item__value\">12 mois<\/td>\n<\/tr>\n<\/tbody>\n<\/table>\n","protected":false},"featured_media":9339,"template":"","meta":[],"product_brand":[],"product_cat":[97],"product_tag":[],"class_list":{"0":"post-9330","1":"product","2":"type-product","3":"status-publish","4":"has-post-thumbnail","6":"product_cat-disponible","8":"first","9":"instock","10":"shipping-taxable","11":"purchasable","12":"product-type-simple"},"_links":{"self":[{"href":"https:\/\/mandret-auto.com\/index.php\/wp-json\/wp\/v2\/product\/9330","targetHints":{"allow":["GET"]}}],"collection":[{"href":"https:\/\/mandret-auto.com\/index.php\/wp-json\/wp\/v2\/product"}],"about":[{"href":"https:\/\/mandret-auto.com\/index.php\/wp-json\/wp\/v2\/types\/product"}],"version-history":[{"count":1,"href":"https:\/\/mandret-auto.com\/index.php\/wp-json\/wp\/v2\/product\/9330\/revisions"}],"predecessor-version":[{"id":9340,"href":"https:\/\/mandret-auto.com\/index.php\/wp-json\/wp\/v2\/product\/9330\/revisions\/9340"}],"wp:featuredmedia":[{"embeddable":true,"href":"https:\/\/mandret-auto.com\/index.php\/wp-json\/wp\/v2\/media\/9339"}],"wp:attachment":[{"href":"https:\/\/mandret-auto.com\/index.php\/wp-json\/wp\/v2\/media?parent=9330"}],"wp:term":[{"taxonomy":"product_brand","embeddable":true,"href":"https:\/\/mandret-auto.com\/index.php\/wp-json\/wp\/v2\/product_brand?post=9330"},{"taxonomy":"product_cat","embeddable":true,"href":"https:\/\/mandret-auto.com\/index.php\/wp-json\/wp\/v2\/product_cat?post=9330"},{"taxonomy":"product_tag","embeddable":true,"href":"https:\/\/mandret-auto.com\/index.php\/wp-json\/wp\/v2\/product_tag?post=9330"}],"curies":[{"name":"wp","href":"https:\/\/api.w.org\/{rel}","templated":true}]}}